 and d.
15
Let m(p) = -p**2 + p + 48. Let z be m(0). Suppose 24 = 4*r - z. Let a = -303 - -321. What is the highest common factor of a and r?
18
Suppose 4*n - 242 = -10. Let w = -32 + n. Let d = -18 + w. Calculate the highest common factor of d and 32.
8
Let z = -80888 + 80891. Let i be (-14)/(-3) - (-2)/(-3). Suppose 3*m = 0, 3*q - q - 48 = -i*m. What is the greatest common divisor of q and z?
3
Let l = 10228 - 9988. Calculate the highest common factor of 21360 and l.
240
Suppose 6*r - 568 = -316. Let j be 8/3*6825/100. What is the highest common factor of j and r?
14
Let j(c) = 7*c**2 + c. Let f be j(-1). Let y be (-1044)/(-54)*6/(-4). Let l = y - -31. Calculate the greatest common factor of f and l.
2
Suppose 13 = 7*b + 41. Let u be ((-18)/b - 6)/(2/(-32)). What is the greatest common divisor of 8 and u?
8
Suppose -4*l - 10 = -2*g, -8*l + 11*l - 3*g = -15. Let k be l - 4/10 - (-8865)/225. What is the highest common divisor of 897 and k?
39
Let j = 489 - 274. Suppose 0 = -n + 5*h + 124, -4*h - 84 = 4*n - 604. What is the greatest common divisor of n and j?
43
Suppose -28*h + 4070 = 46*h. Suppose 2*d - 27 = t, -d - 4 - 10 = 5*t. Calculate the highest common factor of d and h.
11
Suppose -3*a = -7*n + 280, 24*n - 20*n - 160 = a. Calculate the greatest common factor of 29 and n.
1
Let q = -2618 - -2624. Calculate the highest common factor of 142 and q.
2
Let v = 22953 - 22941. Calculate the highest common factor of v and 1186.
2
Suppose 3*l = -5*t + 10*t + 27, 0 = -2*t + l - 10. Let j be -6 - -10 - t - 1. What is the greatest common divisor of 46 and j?
2
Let q(y) = -2*y**2 - 99*y - 389. Let m be q(-45). What is the highest common factor of 7184 and m?
16
Suppose 7305 = 13*v - 28*v. Let t = 512 + v. What is the highest common factor of 200 and t?
25
Suppose -37*b = -8440 - 15980. What is the highest common divisor of b and 190?
10
Suppose -24701*v + 3780 = -24673*v. Calculate the greatest common divisor of 8280 and v.
45
Let s be (4/3)/(14/210). Let t(g) = -g - 37. Let r be t(19). Let a be -2 - (3*-1)/((-14)/r). What is the highest common divisor of s and a?
10
Suppose -90 = -26*y + 21*y. Calculate the greatest common factor of 100 and y.
2
Let y(r) = r**3 + 19*r**2 - 41*r + 18. Let c be y(-21). Let g(j) = 18*j**2 - 28*j - 81. Let w be g(c). Calculate the greatest common divisor of w and 15.
15
Let i be -6 - (-3 - (13 - -4)). Let b(v) = v**2 - v - 72. Let w be b(i). Calculate the highest common divisor of w and 11.
11
Let z be (70/(-20))/(3/(-252)). What is the highest common factor of 147 and z?
147
Suppose 281*u - 272*u = 18000. Calculate the highest common factor of 125 and u.
125
Let x be ((-18)/5)/((506/2805)/(-23)). What is the highest common divisor of x and 408?
51
Let b = -2 - -2. Let l be 0 + (34*-1 - b). Let i = 224 - l. Calculate the highest common divisor of i and 43.
43
Let d be 47874/57 + 3376/304 + -11. Calculate the highest common divisor of 132 and d.
12
Suppose 0 = -59*d + 52*d + 10829. What is the greatest common divisor of d and 442?
221
Suppose 0 = -2*o - 2*c + 4152, 61*c = -3*o + 60*c + 6230. Calculate the highest common divisor of o and 31.
31
Suppose 0 = -19*n + 15*n - k + 45502, -4*k - 45472 = -4*n. What is the highest common factor of 484 and n?
242
Let h = -15215 - -15494. What is the highest common factor of 2201 and h?
31
Let h(w) = 267*w - 5063. Let b be h(19). Calculate the highest common factor of 3045 and b.
5
Let q(s) = 3*s**2 - 6*s + 6. Let k be q(4). Suppose u - 52*z + 51*z - 317 = 0, 0 = -5*u - z + 1663. Calculate the greatest common factor of u and k.
30
Let r(k) = 27*k**2 + 297*k + 9. Let f be r(-12). What is the highest common divisor of f and 74?
37
Suppose l = -3*g + 5*l + 29, -2*g - 5*l = 19. Let r be (-12)/(-5) - g/(-5). Suppose 191 = 22*f - 271. Calculate the greatest common factor of r and f.
3
Let q be ((-2)/4)/(((-246)/576)/41). Let o be (10/3 + -1)/(2/96). Calculate the highest common divisor of q and o.
16
Suppose 11 = -3*p + 3*s - 25, 0 = 4*p + 5*s + 48. Let y be ((-10)/8)/(1/p). Let j = 40 + y. What is the greatest common divisor of j and 22?
11
Suppose -5*t + 2*w + 966 - 881 = 0, -4*w = 20. Calculate the greatest common divisor of t and 265.
5
Suppose -6*s + 145 = -5831. Calculate the highest common divisor of 48 and s.
12
Let q(h) = -4*h - 5. Let g be q(-2). Suppose g*n + 49 = -4*n. Let v be 44/(-110) - (-2)/((-10)/n). Calculate the highest common divisor of 1 and v.
1
Let f = -9434 + 9676. What is the highest common factor of f and 352?
22
Suppose 2550 - 1005 + 6051 = 2*r. Calculate the highest common divisor of r and 36.
18
Let o be (-5)/90 + 1729/342. Calculate the greatest common factor of 145 and o.
5
Suppose -8778 + 64526 = 28*r. Calculate the greatest common factor of r and 77.
11
Suppose 86*s - 3415 = 81*s. Let n = s + -674. Suppose -97 - 16 = -3*w - z, -3*z + 159 = 4*w. What is the highest common factor of n and w?
9
Let a be 16/136 - 2*(-84)/17. Let g(c) = -2*c**2 + 21*c - 9. Let h be g(a). What is the greatest common factor of 26 and h?
1
Let a be (-16 + -92)*(12 - 246/18). Let s be (-15)/(-6)*12/10. Suppose 6*c - 2*c - 83 = -3*i, s*c - 58 = 2*i. Calculate the greatest common divisor of c and a.
20
Let u = -703 + 948. Let t = -209 + u. What is the highest common divisor of t and 1116?
36
Let v = 3287 - 3182. What is the highest common divisor of v and 5145?
105
Suppose -5*q + 2*a = -0*q - 20, -3*a = 4*q - 16. Suppose -q*y - 66 + 322 = 0. Let u = -62 + y. What is the greatest common divisor of u and 22?
2
Let q be 4 + (-5)/6 + (-1460)/(-24). Calculate the highest common factor of 576 and q.
64
Let p be 7*((-2)/(-7) - 108/(-63)). Let i = p - -141. What is the greatest common divisor of 31 and i?
31
Let x(k) = k**3 + 12*k**2 + 6*k - 83. Let r be x(-8). What is the highest common divisor of 500 and r?
125
Let c(i) = i**2 + 46*i - 1574. Let o be c(23). Calculate the highest common divisor of o and 4589.
13
Let g be 1146 - (6 + 10 + -4). Calculate the greatest common divisor of 14 and g.
14
Let d be 11/(-11)*-2*23. Let h = -30 + d. Suppose 3*z + 17 = 2*g, 3*g - 2*g - h = 4*z. Calculate the highest common divisor of g and 32.
4
Let d be (2 - 0)*(-11)/(-2). Suppose d = 3*g - 13. Let q be (-2)/g + 74/8. Calculate the highest common divisor of 9 and q.
9
Let j = 24 + 0. Suppose -4*i = 4*i - 1744. Let p = -50 + i. Calculate the highest common divisor of j and p.
24
Let l(c) = 2*c**2 + 12*c - 60. Let u be l(9). Let m = u + -200. What is the greatest common divisor of 170 and m?
10
Suppose -4*u + n + 1154 = 0, -3*u + 20*n = 21*n - 862. Suppose 0 = -7*c + 1359 - u. Calculate the greatest common factor of 34 and c.
17
Let u(i) = 119 - 100*i - 104*i + 197*i. Let m be u(16). What is the highest common divisor of 10 and m?
1
Suppose -176 + 6 = -10*s. Let f(i) = i**3 - 14*i**2 - 13*i + 17. Let o be f(s). Calculate the greatest common divisor of o and 39.
39
Let b(w) = -w**2 + 22*w + 23. Let q be b(21). Let l = 51 - q. Suppose -105 = -l*d - 0*d. Calculate the greatest common factor of d and 135.
15
Suppose 3*g - 5*z + 1637 = 0, g = -4*g - z - 2775. Let r = g + 956. Suppose 7*k = 235 + r. What is the highest common divisor of k and 13?
13
Let l(x) = -34*x - 202. Let p(d) = 16*d + 101. Let t(b) = 3*l(b) + 7*p(b). Let n be t(-9). Calculate the highest common divisor of 451 and n.
11
Let q be 132/165 - 1326/(-5). What is the greatest common factor of q and 95?
19
Let k be 110/660 + (7670/(-12))/(-5). Calculate the highest common factor of 152 and k.
8
Let m(z) = -z**2 - 76*z + 587. Let o be m(7). What is the greatest common divisor of o and 624?
6
Suppose 0 = -3*s + 83043 - 64662. What is the highest common divisor of 11 and s?
11
Suppose -328*n + 960 = -320*n. Let t be (-95)/(-20) + 3/(-4). Suppose -5*j = 2*b - n, -j + t = 3*b - 20. What is the greatest common factor of j and 8?
8
Suppose -4*p + 26*m - 23*m = -17424, -3*m = -5*p + 21777. What is the greatest common factor of p and 3?
3
Let a = 5720 - 5228. What is the highest common factor of 12 and a?
12
Suppose -9 - 1 = -2*q. Suppose 0 = 2*r + 4*z - 10, q*r = 2*r - 3*z + 9. Let w be (24 - 0)*(2 - r). Calculate the highest common factor of w and 3.
3
Suppose -190*j + 166*j = -34992. What is the highest common factor of 918 and j?
54
Suppose 11*k 